{"id":10942,"date":"2025-02-10T11:01:52","date_gmt":"2025-02-10T16:01:52","guid":{"rendered":"https:\/\/kausachuntours.com\/?post_type=product&#038;p=10942"},"modified":"2026-04-06T11:33:02","modified_gmt":"2026-04-06T16:33:02","slug":"china","status":"publish","type":"product","link":"https:\/\/kausachuntours.com\/index.php\/product\/china\/","title":{"rendered":"China"},"content":{"rendered":"<h3><strong>CHINA &#8211; HONG KONG &amp; MACAO<\/strong><\/h3>\n<h4>Salida: <span style=\"color: #ff6600;\">23 de gosto<\/span><\/h4>\n<p>\ud83c\udf0f UN DESTINO QUE TE SORPRENDER\u00c1 \ud83c\udf0f<\/p>\n<p>\u2728 Historia, modernidad y cultura se fusionan en un viaje lleno de contrastes y experiencias \u00fanicas. Desde antiguas tradiciones hasta impresionantes avances tecnol\u00f3gicos, cada rinc\u00f3n te invita a descubrir su esencia.<\/p>\n<p>\ud83c\udfee Paisajes espectaculares, arquitectura imponente, gastronom\u00eda fascinante y un sinf\u00edn de emociones te esperan.<\/p>\n<p>\ud83d\udd39 Vive la magia de Oriente. \u00a1Reserva tu aventura ahora! \ud83d\udd39<\/p>\n<div class=\"_df_book df-lite\" id=\"df_10944\"  _slug=\"china\" data-title=\"china\" wpoptions=\"true\" thumbtype=\"\" ><\/div><script class=\"df-shortcode-script\" nowprocket type=\"application\/javascript\">window.option_df_10944 = {\"outline\":[],\"autoEnableOutline\":\"false\",\"autoEnableThumbnail\":\"false\",\"overwritePDFOutline\":\"false\",\"direction\":\"1\",\"pageSize\":\"0\",\"source\":\"https:\\\/\\\/kausachuntours.com\\\/wp-content\\\/uploads\\\/2026\\\/04\\\/6-PROGRAMA-TOUR-CHINA-HONG-KONG-MACAO-AGOSTO-2026.pdf\",\"wpOptions\":\"true\"}; if(window.DFLIP && window.DFLIP.parseBooks){window.DFLIP.parseBooks();}<\/script>\n","protected":false},"excerpt":{"rendered":"<p>CHINA &#8211; HONG KONG &amp; MACAO Salida: 23 de gosto \ud83c\udf0f UN DESTINO QUE TE SORPRENDER\u00c1 \ud83c\udf0f \u2728 Historia, modernidad y cultura se fusionan en un viaje lleno de contrastes y experiencias \u00fanicas. Desde antiguas tradiciones hasta impresionantes avances tecnol\u00f3gicos, cada rinc\u00f3n te invita a descubrir su esencia. \ud83c\udfee Paisajes espectaculares, arquitectura imponente, gastronom\u00eda fascinante&#8230;<\/p>\n","protected":false},"featured_media":13737,"comment_status":"closed","ping_status":"closed","template":"","meta":{"postBodyCss":"","postBodyMargin":[],"postBodyPadding":[],"postBodyBackground":{"backgroundType":"classic","gradient":""}},"product_brand":[],"product_cat":[133],"product_tag":[],"class_list":{"0":"post-10942","1":"product","2":"type-product","3":"status-publish","4":"has-post-thumbnail","6":"product_cat-internacional","8":"first","9":"outofstock","10":"virtual","11":"product-type-simple"},"_links":{"self":[{"href":"https:\/\/kausachuntours.com\/index.php\/wp-json\/wp\/v2\/product\/10942","targetHints":{"allow":["GET"]}}],"collection":[{"href":"https:\/\/kausachuntours.com\/index.php\/wp-json\/wp\/v2\/product"}],"about":[{"href":"https:\/\/kausachuntours.com\/index.php\/wp-json\/wp\/v2\/types\/product"}],"replies":[{"embeddable":true,"href":"https:\/\/kausachuntours.com\/index.php\/wp-json\/wp\/v2\/comments?post=10942"}],"wp:featuredmedia":[{"embeddable":true,"href":"https:\/\/kausachuntours.com\/index.php\/wp-json\/wp\/v2\/media\/13737"}],"wp:attachment":[{"href":"https:\/\/kausachuntours.com\/index.php\/wp-json\/wp\/v2\/media?parent=10942"}],"wp:term":[{"taxonomy":"product_brand","embeddable":true,"href":"https:\/\/kausachuntours.com\/index.php\/wp-json\/wp\/v2\/product_brand?post=10942"},{"taxonomy":"product_cat","embeddable":true,"href":"https:\/\/kausachuntours.com\/index.php\/wp-json\/wp\/v2\/product_cat?post=10942"},{"taxonomy":"product_tag","embeddable":true,"href":"https:\/\/kausachuntours.com\/index.php\/wp-json\/wp\/v2\/product_tag?post=10942"}],"curies":[{"name":"wp","href":"https:\/\/api.w.org\/{rel}","templated":true}]}}