{"id":13772,"date":"2026-04-05T19:45:04","date_gmt":"2026-04-06T00:45:04","guid":{"rendered":"https:\/\/kausachuntours.com\/?post_type=product&#038;p=13772"},"modified":"2026-04-05T19:50:35","modified_gmt":"2026-04-06T00:50:35","slug":"senderos-de-norte-america","status":"publish","type":"product","link":"https:\/\/kausachuntours.com\/index.php\/product\/senderos-de-norte-america\/","title":{"rendered":"Senderos de Norte Am\u00e9rica"},"content":{"rendered":"<h3><strong>SENDEROS DE NORTE AM\u00c9RICA<\/strong><\/h3>\n<h4>Salida: <span style=\"color: #ff6600;\">01 de Octubre<\/span><\/h4>\n<p data-start=\"0\" data-end=\"49\">\u2728 <strong data-start=\"2\" data-end=\"45\">Estados Unidos: Ciudades Ic\u00f3nicas del Este<\/strong>\u00a0\u2728<\/p>\n<p>Descubre lo mejor de la costa este de Estados Unidos en un recorrido lleno de historia, cultura y paisajes impresionantes.<\/p>\n<p>Inicia en Washington D. C., con sus monumentos y s\u00edmbolos hist\u00f3ricos. Contin\u00faa hacia las majestuosas Cataratas del Ni\u00e1gara, una de las maravillas naturales m\u00e1s impactantes del mundo.<\/p>\n<p>Explora la hist\u00f3rica Boston y el encantador Newport, antes de llegar a la vibrante Nueva York, donde la energ\u00eda urbana y los \u00edconos mundiales te sorprender\u00e1n.<\/p>\n<p>Un viaje ideal para quienes desean vivir lo mejor de Estados Unidos en una sola experiencia.<\/p>\n<div class=\"_df_book df-lite\" id=\"df_13774\"  _slug=\"eeuu\" data-title=\"eeuu\" wpoptions=\"true\" thumbtype=\"\" ><\/div><script class=\"df-shortcode-script\" nowprocket type=\"application\/javascript\">window.option_df_13774 = {\"outline\":[],\"autoEnableOutline\":\"false\",\"autoEnableThumbnail\":\"false\",\"overwritePDFOutline\":\"false\",\"direction\":\"1\",\"pageSize\":\"0\",\"source\":\"https:\\\/\\\/kausachuntours.com\\\/wp-content\\\/uploads\\\/2026\\\/04\\\/TOUR-UNITED-STATES-OF-AMERICA-OCT-2026.pdf\",\"wpOptions\":\"true\"}; if(window.DFLIP && window.DFLIP.parseBooks){window.DFLIP.parseBooks();}<\/script>\n","protected":false},"excerpt":{"rendered":"<p>SENDEROS DE NORTE AM\u00c9RICA Salida: 01 de Octubre \u2728 Estados Unidos: Ciudades Ic\u00f3nicas del Este\u00a0\u2728 Descubre lo mejor de la costa este de Estados Unidos en un recorrido lleno de historia, cultura y paisajes impresionantes. Inicia en Washington D. C., con sus monumentos y s\u00edmbolos hist\u00f3ricos. Contin\u00faa hacia las majestuosas Cataratas del Ni\u00e1gara, una de&#8230;<\/p>\n","protected":false},"featured_media":13777,"comment_status":"closed","ping_status":"closed","template":"","meta":{"postBodyCss":"","postBodyMargin":[],"postBodyPadding":[],"postBodyBackground":{"backgroundType":"classic","gradient":""}},"product_brand":[],"product_cat":[133],"product_tag":[],"class_list":{"0":"post-13772","1":"product","2":"type-product","3":"status-publish","4":"has-post-thumbnail","6":"product_cat-internacional","8":"first","9":"outofstock","10":"virtual","11":"product-type-simple"},"_links":{"self":[{"href":"https:\/\/kausachuntours.com\/index.php\/wp-json\/wp\/v2\/product\/13772","targetHints":{"allow":["GET"]}}],"collection":[{"href":"https:\/\/kausachuntours.com\/index.php\/wp-json\/wp\/v2\/product"}],"about":[{"href":"https:\/\/kausachuntours.com\/index.php\/wp-json\/wp\/v2\/types\/product"}],"replies":[{"embeddable":true,"href":"https:\/\/kausachuntours.com\/index.php\/wp-json\/wp\/v2\/comments?post=13772"}],"wp:featuredmedia":[{"embeddable":true,"href":"https:\/\/kausachuntours.com\/index.php\/wp-json\/wp\/v2\/media\/13777"}],"wp:attachment":[{"href":"https:\/\/kausachuntours.com\/index.php\/wp-json\/wp\/v2\/media?parent=13772"}],"wp:term":[{"taxonomy":"product_brand","embeddable":true,"href":"https:\/\/kausachuntours.com\/index.php\/wp-json\/wp\/v2\/product_brand?post=13772"},{"taxonomy":"product_cat","embeddable":true,"href":"https:\/\/kausachuntours.com\/index.php\/wp-json\/wp\/v2\/product_cat?post=13772"},{"taxonomy":"product_tag","embeddable":true,"href":"https:\/\/kausachuntours.com\/index.php\/wp-json\/wp\/v2\/product_tag?post=13772"}],"curies":[{"name":"wp","href":"https:\/\/api.w.org\/{rel}","templated":true}]}}